{"id":44,"date":"2025-03-27T10:41:42","date_gmt":"2025-03-27T09:41:42","guid":{"rendered":"http:\/\/demo.statek-kumberk.cz\/?post_type=product&#038;p=44"},"modified":"2025-05-21T12:40:58","modified_gmt":"2025-05-21T10:40:58","slug":"briza","status":"publish","type":"product","link":"http:\/\/demo.statek-kumberk.cz\/?product=briza","title":{"rendered":"B\u0158\u00cdZA &#8211; \u0161t\u00edpan\u00e9 palivov\u00e9 d\u0159evo sypan\u00e9"},"content":{"rendered":"\t\t<div data-elementor-type=\"wp-post\" data-elementor-id=\"44\" class=\"elementor elementor-44\">\n\t\t\t\t<div class=\"elementor-element elementor-element-5458b18 e-flex e-con-boxed e-con e-parent\" data-id=\"5458b18\" data-element_type=\"container\">\n\t\t\t\t\t<div class=\"e-con-inner\">\n\t\t\t\t<div class=\"elementor-element elementor-element-653998b6 elementor-widget elementor-widget-text-editor\" data-id=\"653998b6\" data-element_type=\"widget\" data-widget_type=\"text-editor.default\">\n\t\t\t\t<div class=\"elementor-widget-container\">\n\t\t\t\t\t\t\t\t\t<p><strong>B\u0159ezov\u00e9 \u0161t\u00edpan\u00e9 d\u0159evo<\/strong> nab\u00edz\u00edme v d\u00e9lce <strong>25 a\u017e 60 cm<\/strong>. Toto d\u0159evo pat\u0159\u00ed dle tvrdosti do skupiny <strong>&#8222;st\u0159edn\u011b tvrd\u00e9&#8220;<\/strong> a tento druh nepot\u0159ebuje k vysu\u0161en\u00ed dlouhou dobu.<\/p>\n<p><strong>St\u0159edn\u011b tvrd\u00e9 b\u0159ezov\u00e9 d\u0159evo<\/strong> je vhodn\u00e9 pro topen\u00ed v <strong>kamnech<\/strong> i <strong>krbech<\/strong>.<\/p>\n\n<p><strong>\u0160t\u00edpan\u00e9 d\u0159evo<\/strong> v\u00e1m p\u0159ivezeme a\u017e <strong>dom\u016f<\/strong>. Na z\u00e1klad\u011b zvolen\u00e9ho mno\u017estv\u00ed vybereme vhodn\u00e9 auto k p\u0159eprav\u011b.<\/p>\n\n<p>Zaplatit m\u016f\u017eete v <strong>hotovosti<\/strong> p\u0159i p\u0159evzet\u00ed objedn\u00e1vky, nebo na bankovn\u00ed \u00fa\u010det pomoc\u00ed <strong>QR k\u00f3du<\/strong>.<\/p>\n\t\t\t\t\t\t\t\t<\/div>\n\t\t\t\t<\/div>\n\t\t\t\t<div class=\"elementor-element elementor-element-711a791 elementor-widget elementor-widget-image\" data-id=\"711a791\" data-element_type=\"widget\" data-widget_type=\"image.default\">\n\t\t\t\t<div class=\"elementor-widget-container\">\n\t\t\t\t\t\t\t\t\t\t\t\t\t\t\t<img decoding=\"async\" src=\"http:\/\/demo.statek-kumberk.cz\/wp-content\/uploads\/elementor\/thumbs\/levne-palivove-drevo-stipane-drevo-jehlicnate-drevo-kulatina-drevo-v-delkach-drevo-zamrsk-1000-x-400-px-1-r683jgzo2y94j2xpgd8uv37cdmxx04thre2mzzpge8.jpg\" title=\"levn\u00e9 palivov\u00e9 d\u0159evo, \u0161t\u00edpan\u00e9 d\u0159evo, jehli\u010dnat\u00e9 d\u0159evo, kulatina, d\u0159evo v d\u00e9lk\u00e1ch, d\u0159evo z\u00e1mrsk (1000 x 400 px) (1)\" alt=\"PRMS - prostorov\u00fd metr sypan\u00fd\" loading=\"lazy\" \/>\t\t\t\t\t\t\t\t\t\t\t\t\t\t\t<\/div>\n\t\t\t\t<\/div>\n\t\t\t\t<div class=\"elementor-element elementor-element-5905189 elementor-widget elementor-widget-image\" data-id=\"5905189\" data-element_type=\"widget\" data-widget_type=\"image.default\">\n\t\t\t\t<div class=\"elementor-widget-container\">\n\t\t\t\t\t\t\t\t\t\t\t\t\t\t\t<img fetchpriority=\"high\" decoding=\"async\" width=\"980\" height=\"452\" src=\"http:\/\/demo.statek-kumberk.cz\/wp-content\/uploads\/2025\/05\/auto-kumberk-1024x472.jpg\" class=\"attachment-large size-large wp-image-1369\" alt=\"\" srcset=\"http:\/\/demo.statek-kumberk.cz\/wp-content\/uploads\/2025\/05\/auto-kumberk-1024x472.jpg 1024w, http:\/\/demo.statek-kumberk.cz\/wp-content\/uploads\/2025\/05\/auto-kumberk-300x138.jpg 300w, http:\/\/demo.statek-kumberk.cz\/wp-content\/uploads\/2025\/05\/auto-kumberk-768x354.jpg 768w, http:\/\/demo.statek-kumberk.cz\/wp-content\/uploads\/2025\/05\/auto-kumberk-416x192.jpg 416w, http:\/\/demo.statek-kumberk.cz\/wp-content\/uploads\/2025\/05\/auto-kumberk.jpg 1179w\" sizes=\"(max-width: 980px) 100vw, 980px\" \/>\t\t\t\t\t\t\t\t\t\t\t\t\t\t\t<\/div>\n\t\t\t\t<\/div>\n\t\t\t\t\t<\/div>\n\t\t\t\t<\/div>\n\t\t\t\t<\/div>\n\t\t","protected":false},"excerpt":{"rendered":"<p>Cena za <strong>1 PRMs<\/strong> \u2013 prostorov\u00fd metr sypan\u00fd 1 m\u00b3<br \/>\n(polena jsou voln\u011b nasyp\u00e1na do metrov\u00e9 krychle)<\/p>\n<p>Doprava do 15 km <strong>zdarma<\/strong> (od 3,5PRMS), pot\u00e9 10 K\u010d\/km<\/p>\n<p>Kapacita dopravy: <strong>3,5 PRMs<\/strong> (auto), <strong> 10 PRMs<\/strong> (traktor)<\/p>\n<div class=\"kumburk-ikony-box\">\n<div class=\"ikona-radek\">\n<div class=\"ikona-kruh\"><i class=\"ph ph-house\"><\/i><\/div>\n<div class=\"ikona-text\">Vylo\u017e\u00edme u v\u00e1s doma<\/div>\n<\/p><\/div>\n<div class=\"ikona-radek\">\n<div class=\"ikona-kruh\"><i class=\"ph ph-wallet\"><\/i><\/div>\n<div class=\"ikona-text\">Platba v hotovosti<\/div>\n<\/div>\n<div class=\"ikona-radek\">\n<div class=\"ikona-kruh\"><i class=\"ph ph-qr-code\"><\/i><\/div>\n<div class=\"ikona-text\">Platba QR k\u00f3dem<\/div>\n<\/p><\/div>\n<div class=\"ikona-radek\">\n<div class=\"ikona-kruh\"><i class=\"ph ph-phone-call\"><\/i><\/div>\n<div class=\"ikona-text\"><a href=\"tel:+420602141394\">Volejte 602 141 394<\/a>\n  <\/div>\n<\/div>\n","protected":false},"featured_media":976,"comment_status":"open","ping_status":"closed","template":"","meta":[],"product_brand":[],"product_cat":[19],"product_tag":[],"class_list":{"0":"post-44","1":"product","2":"type-product","3":"status-publish","4":"has-post-thumbnail","6":"product_cat-stipane-palivove-drevo","8":"first","9":"instock","10":"shipping-taxable","11":"purchasable","12":"product-type-variable"},"yoast_head":"<!-- This site is optimized with the Yoast SEO plugin v25.0 - https:\/\/yoast.com\/wordpress\/plugins\/seo\/ -->\n<title>B\u0158\u00cdZA - \u0160t\u00edpan\u00e9 palivov\u00e9 d\u0159evo Plze\u0148<\/title>\n<meta name=\"description\" content=\"Kvalitn\u00ed \u0161t\u00edpan\u00e9 palivov\u00e9 d\u0159evo B\u0158\u00cdZA s rozvozem Plze\u0148 a okol\u00ed. Doprava zdarma a\u017e k v\u00e1m dom\u016f. \u0160t\u00edpan\u00e9 d\u0159evo i \u0159ezivo. Rychl\u00e9 dod\u00e1n\u00ed!\" \/>\n<meta name=\"robots\" content=\"index, follow, max-snippet:-1, max-image-preview:large, max-video-preview:-1\" \/>\n<link rel=\"canonical\" href=\"http:\/\/demo.statek-kumberk.cz\/?product=briza\" \/>\n<meta property=\"og:locale\" content=\"cs_CZ\" \/>\n<meta property=\"og:type\" content=\"article\" \/>\n<meta property=\"og:title\" content=\"B\u0158\u00cdZA - \u0160t\u00edpan\u00e9 palivov\u00e9 d\u0159evo Plze\u0148\" \/>\n<meta property=\"og:description\" content=\"Kvalitn\u00ed \u0161t\u00edpan\u00e9 palivov\u00e9 d\u0159evo B\u0158\u00cdZA s rozvozem Plze\u0148 a okol\u00ed. Doprava zdarma a\u017e k v\u00e1m dom\u016f. \u0160t\u00edpan\u00e9 d\u0159evo i \u0159ezivo. Rychl\u00e9 dod\u00e1n\u00ed!\" \/>\n<meta property=\"og:url\" content=\"http:\/\/demo.statek-kumberk.cz\/?product=briza\" \/>\n<meta property=\"og:site_name\" content=\"DEMO eshop Statek Kumberk\" \/>\n<meta property=\"article:modified_time\" content=\"2025-05-21T10:40:58+00:00\" \/>\n<meta property=\"og:image\" content=\"http:\/\/demo.statek-kumberk.cz\/wp-content\/uploads\/2025\/03\/4b095c51-3bda-4220-801e-123132eb7759_removalai_preview.png\" \/>\n\t<meta property=\"og:image:width\" content=\"400\" \/>\n\t<meta property=\"og:image:height\" content=\"400\" \/>\n\t<meta property=\"og:image:type\" content=\"image\/png\" \/>\n<meta name=\"twitter:card\" content=\"summary_large_image\" \/>\n<meta name=\"twitter:label1\" content=\"Odhadovan\u00e1 doba \u010dten\u00ed\" \/>\n\t<meta name=\"twitter:data1\" content=\"1 minuta\" \/>\n<script type=\"application\/ld+json\" class=\"yoast-schema-graph\">{\"@context\":\"https:\/\/schema.org\",\"@graph\":[{\"@type\":\"WebPage\",\"@id\":\"http:\/\/demo.statek-kumberk.cz\/?product=briza\",\"url\":\"http:\/\/demo.statek-kumberk.cz\/?product=briza\",\"name\":\"B\u0158\u00cdZA - \u0160t\u00edpan\u00e9 palivov\u00e9 d\u0159evo Plze\u0148\",\"isPartOf\":{\"@id\":\"http:\/\/demo.statek-kumberk.cz\/#website\"},\"primaryImageOfPage\":{\"@id\":\"http:\/\/demo.statek-kumberk.cz\/?product=briza#primaryimage\"},\"image\":{\"@id\":\"http:\/\/demo.statek-kumberk.cz\/?product=briza#primaryimage\"},\"thumbnailUrl\":\"http:\/\/demo.statek-kumberk.cz\/wp-content\/uploads\/2025\/03\/4b095c51-3bda-4220-801e-123132eb7759_removalai_preview.png\",\"datePublished\":\"2025-03-27T09:41:42+00:00\",\"dateModified\":\"2025-05-21T10:40:58+00:00\",\"description\":\"Kvalitn\u00ed \u0161t\u00edpan\u00e9 palivov\u00e9 d\u0159evo B\u0158\u00cdZA s rozvozem Plze\u0148 a okol\u00ed. Doprava zdarma a\u017e k v\u00e1m dom\u016f. \u0160t\u00edpan\u00e9 d\u0159evo i \u0159ezivo. Rychl\u00e9 dod\u00e1n\u00ed!\",\"breadcrumb\":{\"@id\":\"http:\/\/demo.statek-kumberk.cz\/?product=briza#breadcrumb\"},\"inLanguage\":\"cs\",\"potentialAction\":[{\"@type\":\"ReadAction\",\"target\":[\"http:\/\/demo.statek-kumberk.cz\/?product=briza\"]}]},{\"@type\":\"ImageObject\",\"inLanguage\":\"cs\",\"@id\":\"http:\/\/demo.statek-kumberk.cz\/?product=briza#primaryimage\",\"url\":\"http:\/\/demo.statek-kumberk.cz\/wp-content\/uploads\/2025\/03\/4b095c51-3bda-4220-801e-123132eb7759_removalai_preview.png\",\"contentUrl\":\"http:\/\/demo.statek-kumberk.cz\/wp-content\/uploads\/2025\/03\/4b095c51-3bda-4220-801e-123132eb7759_removalai_preview.png\",\"width\":400,\"height\":400,\"caption\":\"B\u0158\u00cdZA \u0160t\u00edpan\u00e9 palivov\u00e9 d\u0159evo Plze\u0148\"},{\"@type\":\"BreadcrumbList\",\"@id\":\"http:\/\/demo.statek-kumberk.cz\/?product=briza#breadcrumb\",\"itemListElement\":[{\"@type\":\"ListItem\",\"position\":1,\"name\":\"Dom\u016f\",\"item\":\"http:\/\/demo.statek-kumberk.cz\/\"},{\"@type\":\"ListItem\",\"position\":2,\"name\":\"\u0160t\u00edpan\u00e9 palivov\u00e9 d\u0159evo\",\"item\":\"http:\/\/demo.statek-kumberk.cz\/?page_id=6\"},{\"@type\":\"ListItem\",\"position\":3,\"name\":\"B\u0158\u00cdZA &#8211; \u0161t\u00edpan\u00e9 palivov\u00e9 d\u0159evo sypan\u00e9\"}]},{\"@type\":\"WebSite\",\"@id\":\"http:\/\/demo.statek-kumberk.cz\/#website\",\"url\":\"http:\/\/demo.statek-kumberk.cz\/\",\"name\":\"DEMO eshop Statek Kumberk\",\"description\":\"\",\"publisher\":{\"@id\":\"http:\/\/demo.statek-kumberk.cz\/#organization\"},\"potentialAction\":[{\"@type\":\"SearchAction\",\"target\":{\"@type\":\"EntryPoint\",\"urlTemplate\":\"http:\/\/demo.statek-kumberk.cz\/?s={search_term_string}\"},\"query-input\":{\"@type\":\"PropertyValueSpecification\",\"valueRequired\":true,\"valueName\":\"search_term_string\"}}],\"inLanguage\":\"cs\"},{\"@type\":\"Organization\",\"@id\":\"http:\/\/demo.statek-kumberk.cz\/#organization\",\"name\":\"DEMO eshop Statek Kumberk\",\"url\":\"http:\/\/demo.statek-kumberk.cz\/\",\"logo\":{\"@type\":\"ImageObject\",\"inLanguage\":\"cs\",\"@id\":\"http:\/\/demo.statek-kumberk.cz\/#\/schema\/logo\/image\/\",\"url\":\"http:\/\/demo.statek-kumberk.cz\/wp-content\/uploads\/2025\/05\/cropped-cropped-cropped-9c1f904f-65ad-4cdf-afb4-c002ba697250_removalai_preview-2.png\",\"contentUrl\":\"http:\/\/demo.statek-kumberk.cz\/wp-content\/uploads\/2025\/05\/cropped-cropped-cropped-9c1f904f-65ad-4cdf-afb4-c002ba697250_removalai_preview-2.png\",\"width\":512,\"height\":512,\"caption\":\"DEMO eshop Statek Kumberk\"},\"image\":{\"@id\":\"http:\/\/demo.statek-kumberk.cz\/#\/schema\/logo\/image\/\"}}]}<\/script>\n<!-- \/ Yoast SEO plugin. -->","yoast_head_json":{"title":"B\u0158\u00cdZA - \u0160t\u00edpan\u00e9 palivov\u00e9 d\u0159evo Plze\u0148","description":"Kvalitn\u00ed \u0161t\u00edpan\u00e9 palivov\u00e9 d\u0159evo B\u0158\u00cdZA s rozvozem Plze\u0148 a okol\u00ed. Doprava zdarma a\u017e k v\u00e1m dom\u016f. \u0160t\u00edpan\u00e9 d\u0159evo i \u0159ezivo. Rychl\u00e9 dod\u00e1n\u00ed!","robots":{"index":"index","follow":"follow","max-snippet":"max-snippet:-1","max-image-preview":"max-image-preview:large","max-video-preview":"max-video-preview:-1"},"canonical":"http:\/\/demo.statek-kumberk.cz\/?product=briza","og_locale":"cs_CZ","og_type":"article","og_title":"B\u0158\u00cdZA - \u0160t\u00edpan\u00e9 palivov\u00e9 d\u0159evo Plze\u0148","og_description":"Kvalitn\u00ed \u0161t\u00edpan\u00e9 palivov\u00e9 d\u0159evo B\u0158\u00cdZA s rozvozem Plze\u0148 a okol\u00ed. Doprava zdarma a\u017e k v\u00e1m dom\u016f. \u0160t\u00edpan\u00e9 d\u0159evo i \u0159ezivo. Rychl\u00e9 dod\u00e1n\u00ed!","og_url":"http:\/\/demo.statek-kumberk.cz\/?product=briza","og_site_name":"DEMO eshop Statek Kumberk","article_modified_time":"2025-05-21T10:40:58+00:00","og_image":[{"width":400,"height":400,"url":"http:\/\/demo.statek-kumberk.cz\/wp-content\/uploads\/2025\/03\/4b095c51-3bda-4220-801e-123132eb7759_removalai_preview.png","type":"image\/png"}],"twitter_card":"summary_large_image","twitter_misc":{"Odhadovan\u00e1 doba \u010dten\u00ed":"1 minuta"},"schema":{"@context":"https:\/\/schema.org","@graph":[{"@type":"WebPage","@id":"http:\/\/demo.statek-kumberk.cz\/?product=briza","url":"http:\/\/demo.statek-kumberk.cz\/?product=briza","name":"B\u0158\u00cdZA - \u0160t\u00edpan\u00e9 palivov\u00e9 d\u0159evo Plze\u0148","isPartOf":{"@id":"http:\/\/demo.statek-kumberk.cz\/#website"},"primaryImageOfPage":{"@id":"http:\/\/demo.statek-kumberk.cz\/?product=briza#primaryimage"},"image":{"@id":"http:\/\/demo.statek-kumberk.cz\/?product=briza#primaryimage"},"thumbnailUrl":"http:\/\/demo.statek-kumberk.cz\/wp-content\/uploads\/2025\/03\/4b095c51-3bda-4220-801e-123132eb7759_removalai_preview.png","datePublished":"2025-03-27T09:41:42+00:00","dateModified":"2025-05-21T10:40:58+00:00","description":"Kvalitn\u00ed \u0161t\u00edpan\u00e9 palivov\u00e9 d\u0159evo B\u0158\u00cdZA s rozvozem Plze\u0148 a okol\u00ed. Doprava zdarma a\u017e k v\u00e1m dom\u016f. \u0160t\u00edpan\u00e9 d\u0159evo i \u0159ezivo. Rychl\u00e9 dod\u00e1n\u00ed!","breadcrumb":{"@id":"http:\/\/demo.statek-kumberk.cz\/?product=briza#breadcrumb"},"inLanguage":"cs","potentialAction":[{"@type":"ReadAction","target":["http:\/\/demo.statek-kumberk.cz\/?product=briza"]}]},{"@type":"ImageObject","inLanguage":"cs","@id":"http:\/\/demo.statek-kumberk.cz\/?product=briza#primaryimage","url":"http:\/\/demo.statek-kumberk.cz\/wp-content\/uploads\/2025\/03\/4b095c51-3bda-4220-801e-123132eb7759_removalai_preview.png","contentUrl":"http:\/\/demo.statek-kumberk.cz\/wp-content\/uploads\/2025\/03\/4b095c51-3bda-4220-801e-123132eb7759_removalai_preview.png","width":400,"height":400,"caption":"B\u0158\u00cdZA \u0160t\u00edpan\u00e9 palivov\u00e9 d\u0159evo Plze\u0148"},{"@type":"BreadcrumbList","@id":"http:\/\/demo.statek-kumberk.cz\/?product=briza#breadcrumb","itemListElement":[{"@type":"ListItem","position":1,"name":"Dom\u016f","item":"http:\/\/demo.statek-kumberk.cz\/"},{"@type":"ListItem","position":2,"name":"\u0160t\u00edpan\u00e9 palivov\u00e9 d\u0159evo","item":"http:\/\/demo.statek-kumberk.cz\/?page_id=6"},{"@type":"ListItem","position":3,"name":"B\u0158\u00cdZA &#8211; \u0161t\u00edpan\u00e9 palivov\u00e9 d\u0159evo sypan\u00e9"}]},{"@type":"WebSite","@id":"http:\/\/demo.statek-kumberk.cz\/#website","url":"http:\/\/demo.statek-kumberk.cz\/","name":"DEMO eshop Statek Kumberk","description":"","publisher":{"@id":"http:\/\/demo.statek-kumberk.cz\/#organization"},"potentialAction":[{"@type":"SearchAction","target":{"@type":"EntryPoint","urlTemplate":"http:\/\/demo.statek-kumberk.cz\/?s={search_term_string}"},"query-input":{"@type":"PropertyValueSpecification","valueRequired":true,"valueName":"search_term_string"}}],"inLanguage":"cs"},{"@type":"Organization","@id":"http:\/\/demo.statek-kumberk.cz\/#organization","name":"DEMO eshop Statek Kumberk","url":"http:\/\/demo.statek-kumberk.cz\/","logo":{"@type":"ImageObject","inLanguage":"cs","@id":"http:\/\/demo.statek-kumberk.cz\/#\/schema\/logo\/image\/","url":"http:\/\/demo.statek-kumberk.cz\/wp-content\/uploads\/2025\/05\/cropped-cropped-cropped-9c1f904f-65ad-4cdf-afb4-c002ba697250_removalai_preview-2.png","contentUrl":"http:\/\/demo.statek-kumberk.cz\/wp-content\/uploads\/2025\/05\/cropped-cropped-cropped-9c1f904f-65ad-4cdf-afb4-c002ba697250_removalai_preview-2.png","width":512,"height":512,"caption":"DEMO eshop Statek Kumberk"},"image":{"@id":"http:\/\/demo.statek-kumberk.cz\/#\/schema\/logo\/image\/"}}]}},"_links":{"self":[{"href":"http:\/\/demo.statek-kumberk.cz\/index.php?rest_route=\/wp\/v2\/product\/44","targetHints":{"allow":["GET"]}}],"collection":[{"href":"http:\/\/demo.statek-kumberk.cz\/index.php?rest_route=\/wp\/v2\/product"}],"about":[{"href":"http:\/\/demo.statek-kumberk.cz\/index.php?rest_route=\/wp\/v2\/types\/product"}],"replies":[{"embeddable":true,"href":"http:\/\/demo.statek-kumberk.cz\/index.php?rest_route=%2Fwp%2Fv2%2Fcomments&post=44"}],"version-history":[{"count":21,"href":"http:\/\/demo.statek-kumberk.cz\/index.php?rest_route=\/wp\/v2\/product\/44\/revisions"}],"predecessor-version":[{"id":1496,"href":"http:\/\/demo.statek-kumberk.cz\/index.php?rest_route=\/wp\/v2\/product\/44\/revisions\/1496"}],"wp:featuredmedia":[{"embeddable":true,"href":"http:\/\/demo.statek-kumberk.cz\/index.php?rest_route=\/wp\/v2\/media\/976"}],"wp:attachment":[{"href":"http:\/\/demo.statek-kumberk.cz\/index.php?rest_route=%2Fwp%2Fv2%2Fmedia&parent=44"}],"wp:term":[{"taxonomy":"product_brand","embeddable":true,"href":"http:\/\/demo.statek-kumberk.cz\/index.php?rest_route=%2Fwp%2Fv2%2Fproduct_brand&post=44"},{"taxonomy":"product_cat","embeddable":true,"href":"http:\/\/demo.statek-kumberk.cz\/index.php?rest_route=%2Fwp%2Fv2%2Fproduct_cat&post=44"},{"taxonomy":"product_tag","embeddable":true,"href":"http:\/\/demo.statek-kumberk.cz\/index.php?rest_route=%2Fwp%2Fv2%2Fproduct_tag&post=44"}],"curies":[{"name":"wp","href":"https:\/\/api.w.org\/{rel}","templated":true}]}}