{"id":2,"date":"2025-03-26T13:22:38","date_gmt":"2025-03-26T12:22:38","guid":{"rendered":"http:\/\/demo.statek-kumberk.cz\/?page_id=2"},"modified":"2025-05-23T09:59:03","modified_gmt":"2025-05-23T07:59:03","slug":"kontakt","status":"publish","type":"page","link":"http:\/\/demo.statek-kumberk.cz\/?page_id=2","title":{"rendered":"Kontakt"},"content":{"rendered":"\t\t<div data-elementor-type=\"wp-page\" data-elementor-id=\"2\" class=\"elementor elementor-2\">\n\t\t\t\t<div class=\"elementor-element elementor-element-3e87fa0 e-grid e-con-full e-con e-parent\" data-id=\"3e87fa0\" data-element_type=\"container\">\n\t\t\t\t<div class=\"elementor-element elementor-element-991e5ed elementor-widget elementor-widget-testimonial\" data-id=\"991e5ed\" data-element_type=\"widget\" data-widget_type=\"testimonial.default\">\n\t\t\t\t<div class=\"elementor-widget-container\">\n\t\t\t\t\t\t\t<div class=\"elementor-testimonial-wrapper\">\n\t\t\t\n\t\t\t\t\t\t<div class=\"elementor-testimonial-meta\">\n\t\t\t\t<div class=\"elementor-testimonial-meta-inner\">\n\t\t\t\t\t\n\t\t\t\t\t\t\t\t\t\t<div class=\"elementor-testimonial-details\">\n\t\t\t\t\t\t\t\t\t\t\t\t\t\t<div class=\"elementor-testimonial-name\">Statek Kumberk<\/div>\n\t\t\t\t\t\t\t\t\t\t\t\t\t\t\t\t\t\t\t\t\t\t<div class=\"elementor-testimonial-job\"><div style=\"font-size: 18px; line-height: 1.6;\">   \u010ceminy 47<br>   330 33 \u010ceminy<br><br>    \ud83d\udcde <a href=\"tel:+420602141394\"         style=\"color: #000000; text-decoration: none; display: inline-block; transition: transform 0.3s ease;\"         onmouseover=\"this.style.transform='scale(1.15)'\"         onmouseout=\"this.style.transform='scale(1)'\">         +420 602 141 394      <\/a><br> \ud83d\udcde <a href=\"tel:+420721843536\"         style=\"color: #000000; text-decoration: none; display: inline-block; transition: transform 0.3s ease;\"         onmouseover=\"this.style.transform='scale(1.15)'\"         onmouseout=\"this.style.transform='scale(1)'\">         +420 721 843 536      <\/a><br>   \u2709\ufe0f <a href=\"mailto:drevo@statek-kumberk.cz\"         style=\"color: #000000; text-decoration: none; display: inline-block; transition: transform 0.3s ease;\"         onmouseover=\"this.style.transform='scale(1.08)'\"         onmouseout=\"this.style.transform='scale(1)'\">         drevo@statek-kumberk.cz      <\/a> <\/div><\/div>\n\t\t\t\t\t\t\t\t\t\t\t\t\t<\/div>\n\t\t\t\t\t\t\t\t\t<\/div>\n\t\t\t<\/div>\n\t\t\t\t\t<\/div>\n\t\t\t\t\t\t<\/div>\n\t\t\t\t<\/div>\n\t\t\t\t<div class=\"elementor-element elementor-element-450e282 elementor-absolute elementor-widget elementor-widget-html\" data-id=\"450e282\" data-element_type=\"widget\" data-settings=\"{&quot;_position&quot;:&quot;absolute&quot;}\" data-widget_type=\"html.default\">\n\t\t\t\t<div class=\"elementor-widget-container\">\n\t\t\t\t\t<div style=\"display: flex; justify-content: center; gap: 20px; font-size: 40px;\">\r\n  <a href=\"https:\/\/www.facebook.com\/drevo.statek.kumberk\/\" target=\"_blank\" rel=\"noopener\" style=\"color: #3b5998;\" aria-label=\"Facebook\">\r\n    <i class=\"uil uil-facebook-f\"><\/i>\r\n  <\/a>\r\n  <a href=\"https:\/\/www.instagram.com\/drevo_statek_kumberk\/\" target=\"_blank\" rel=\"noopener\" style=\"color: #e4405f;\" aria-label=\"Instagram\">\r\n    <i class=\"uil uil-instagram\"><\/i>\r\n  <\/a>\r\n  <a href=\"https:\/\/www.youtube.com\/@tvuj-kanal\" target=\"_blank\" rel=\"noopener\" style=\"color: #FF0000;\" aria-label=\"YouTube\">\r\n    <i class=\"uil uil-youtube\"><\/i>\r\n  <\/a>\r\n<\/div>\r\n\t\t\t\t<\/div>\n\t\t\t\t<\/div>\n\t\t\t\t<div class=\"elementor-element elementor-element-f115977 elementor-widget__width-initial elementor-absolute elementor-hidden-tablet elementor-hidden-mobile elementor-widget elementor-widget-google_maps\" data-id=\"f115977\" data-element_type=\"widget\" data-settings=\"{&quot;_position&quot;:&quot;absolute&quot;}\" data-widget_type=\"google_maps.default\">\n\t\t\t\t<div class=\"elementor-widget-container\">\n\t\t\t\t\t\t\t<div class=\"elementor-custom-embed\">\n\t\t\t<iframe loading=\"lazy\"\n\t\t\t\t\tsrc=\"https:\/\/maps.google.com\/maps?q=Statek%20Kumberk%20-%20Vykoukal%20Richard%20%C4%8Ceminy%2047%2C%20330%2033%20%C4%8Ceminy&#038;t=m&#038;z=10&#038;output=embed&#038;iwloc=near\"\n\t\t\t\t\ttitle=\"Statek Kumberk - Vykoukal Richard \u010ceminy 47, 330 33 \u010ceminy\"\n\t\t\t\t\taria-label=\"Statek Kumberk - Vykoukal Richard \u010ceminy 47, 330 33 \u010ceminy\"\n\t\t\t><\/iframe>\n\t\t<\/div>\n\t\t\t\t\t\t<\/div>\n\t\t\t\t<\/div>\n\t\t\t\t<\/div>\n\t\t\t\t<\/div>\n\t\t","protected":false},"excerpt":{"rendered":"<p>Statek Kumberk \u010ceminy 47 330 33 \u010ceminy \ud83d\udcde +420 602 141 394 \ud83d\udcde +420 721 843 536 \u2709\ufe0f drevo@statek-kumberk.cz<\/p>\n","protected":false},"author":1,"featured_media":0,"parent":0,"menu_order":0,"comment_status":"closed","ping_status":"closed","template":"","meta":{"footnotes":""},"class_list":["post-2","page","type-page","status-publish","hentry"],"yoast_head":"<!-- This site is optimized with the Yoast SEO plugin v25.0 - https:\/\/yoast.com\/wordpress\/plugins\/seo\/ -->\n<title>Kontakt \u2013 prodej d\u0159eva a \u0159eziva Plze\u0148 | Statek Kumberk<\/title>\n<meta name=\"description\" content=\"Kontakt \u2013 D\u0159evo Statek Kumberk. Prodej palivov\u00e9ho d\u0159eva a \u0159eziva s rozvozem Plze\u0148 a okol\u00ed.\" \/>\n<meta name=\"robots\" content=\"index, follow, max-snippet:-1, max-image-preview:large, max-video-preview:-1\" \/>\n<link rel=\"canonical\" href=\"http:\/\/demo.statek-kumberk.cz\/?page_id=2\" \/>\n<meta property=\"og:locale\" content=\"cs_CZ\" \/>\n<meta property=\"og:type\" content=\"article\" \/>\n<meta property=\"og:title\" content=\"Kontakt \u2013 prodej d\u0159eva a \u0159eziva Plze\u0148 | Statek Kumberk\" \/>\n<meta property=\"og:description\" content=\"Kontakt \u2013 D\u0159evo Statek Kumberk. Prodej palivov\u00e9ho d\u0159eva a \u0159eziva s rozvozem Plze\u0148 a okol\u00ed.\" \/>\n<meta property=\"og:url\" content=\"http:\/\/demo.statek-kumberk.cz\/?page_id=2\" \/>\n<meta property=\"og:site_name\" content=\"DEMO eshop Statek Kumberk\" \/>\n<meta property=\"article:modified_time\" content=\"2025-05-23T07:59:03+00:00\" \/>\n<meta name=\"twitter:card\" content=\"summary_large_image\" \/>\n<meta name=\"twitter:label1\" content=\"Odhadovan\u00e1 doba \u010dten\u00ed\" \/>\n\t<meta name=\"twitter:data1\" content=\"1 minuta\" \/>\n<script type=\"application\/ld+json\" class=\"yoast-schema-graph\">{\"@context\":\"https:\/\/schema.org\",\"@graph\":[{\"@type\":\"WebPage\",\"@id\":\"http:\/\/demo.statek-kumberk.cz\/?page_id=2\",\"url\":\"http:\/\/demo.statek-kumberk.cz\/?page_id=2\",\"name\":\"Kontakt \u2013 prodej d\u0159eva a \u0159eziva Plze\u0148 | Statek Kumberk\",\"isPartOf\":{\"@id\":\"http:\/\/demo.statek-kumberk.cz\/#website\"},\"datePublished\":\"2025-03-26T12:22:38+00:00\",\"dateModified\":\"2025-05-23T07:59:03+00:00\",\"description\":\"Kontakt \u2013 D\u0159evo Statek Kumberk. Prodej palivov\u00e9ho d\u0159eva a \u0159eziva s rozvozem Plze\u0148 a okol\u00ed.\",\"breadcrumb\":{\"@id\":\"http:\/\/demo.statek-kumberk.cz\/?page_id=2#breadcrumb\"},\"inLanguage\":\"cs\",\"potentialAction\":[{\"@type\":\"ReadAction\",\"target\":[\"http:\/\/demo.statek-kumberk.cz\/?page_id=2\"]}]},{\"@type\":\"BreadcrumbList\",\"@id\":\"http:\/\/demo.statek-kumberk.cz\/?page_id=2#breadcrumb\",\"itemListElement\":[{\"@type\":\"ListItem\",\"position\":1,\"name\":\"Dom\u016f\",\"item\":\"http:\/\/demo.statek-kumberk.cz\/\"},{\"@type\":\"ListItem\",\"position\":2,\"name\":\"Kontakt\"}]},{\"@type\":\"WebSite\",\"@id\":\"http:\/\/demo.statek-kumberk.cz\/#website\",\"url\":\"http:\/\/demo.statek-kumberk.cz\/\",\"name\":\"DEMO eshop Statek Kumberk\",\"description\":\"\",\"publisher\":{\"@id\":\"http:\/\/demo.statek-kumberk.cz\/#organization\"},\"potentialAction\":[{\"@type\":\"SearchAction\",\"target\":{\"@type\":\"EntryPoint\",\"urlTemplate\":\"http:\/\/demo.statek-kumberk.cz\/?s={search_term_string}\"},\"query-input\":{\"@type\":\"PropertyValueSpecification\",\"valueRequired\":true,\"valueName\":\"search_term_string\"}}],\"inLanguage\":\"cs\"},{\"@type\":\"Organization\",\"@id\":\"http:\/\/demo.statek-kumberk.cz\/#organization\",\"name\":\"DEMO eshop Statek Kumberk\",\"url\":\"http:\/\/demo.statek-kumberk.cz\/\",\"logo\":{\"@type\":\"ImageObject\",\"inLanguage\":\"cs\",\"@id\":\"http:\/\/demo.statek-kumberk.cz\/#\/schema\/logo\/image\/\",\"url\":\"http:\/\/demo.statek-kumberk.cz\/wp-content\/uploads\/2025\/05\/cropped-cropped-cropped-9c1f904f-65ad-4cdf-afb4-c002ba697250_removalai_preview-2.png\",\"contentUrl\":\"http:\/\/demo.statek-kumberk.cz\/wp-content\/uploads\/2025\/05\/cropped-cropped-cropped-9c1f904f-65ad-4cdf-afb4-c002ba697250_removalai_preview-2.png\",\"width\":512,\"height\":512,\"caption\":\"DEMO eshop Statek Kumberk\"},\"image\":{\"@id\":\"http:\/\/demo.statek-kumberk.cz\/#\/schema\/logo\/image\/\"}}]}<\/script>\n<!-- \/ Yoast SEO plugin. -->","yoast_head_json":{"title":"Kontakt \u2013 prodej d\u0159eva a \u0159eziva Plze\u0148 | Statek Kumberk","description":"Kontakt \u2013 D\u0159evo Statek Kumberk. Prodej palivov\u00e9ho d\u0159eva a \u0159eziva s rozvozem Plze\u0148 a okol\u00ed.","robots":{"index":"index","follow":"follow","max-snippet":"max-snippet:-1","max-image-preview":"max-image-preview:large","max-video-preview":"max-video-preview:-1"},"canonical":"http:\/\/demo.statek-kumberk.cz\/?page_id=2","og_locale":"cs_CZ","og_type":"article","og_title":"Kontakt \u2013 prodej d\u0159eva a \u0159eziva Plze\u0148 | Statek Kumberk","og_description":"Kontakt \u2013 D\u0159evo Statek Kumberk. Prodej palivov\u00e9ho d\u0159eva a \u0159eziva s rozvozem Plze\u0148 a okol\u00ed.","og_url":"http:\/\/demo.statek-kumberk.cz\/?page_id=2","og_site_name":"DEMO eshop Statek Kumberk","article_modified_time":"2025-05-23T07:59:03+00:00","twitter_card":"summary_large_image","twitter_misc":{"Odhadovan\u00e1 doba \u010dten\u00ed":"1 minuta"},"schema":{"@context":"https:\/\/schema.org","@graph":[{"@type":"WebPage","@id":"http:\/\/demo.statek-kumberk.cz\/?page_id=2","url":"http:\/\/demo.statek-kumberk.cz\/?page_id=2","name":"Kontakt \u2013 prodej d\u0159eva a \u0159eziva Plze\u0148 | Statek Kumberk","isPartOf":{"@id":"http:\/\/demo.statek-kumberk.cz\/#website"},"datePublished":"2025-03-26T12:22:38+00:00","dateModified":"2025-05-23T07:59:03+00:00","description":"Kontakt \u2013 D\u0159evo Statek Kumberk. Prodej palivov\u00e9ho d\u0159eva a \u0159eziva s rozvozem Plze\u0148 a okol\u00ed.","breadcrumb":{"@id":"http:\/\/demo.statek-kumberk.cz\/?page_id=2#breadcrumb"},"inLanguage":"cs","potentialAction":[{"@type":"ReadAction","target":["http:\/\/demo.statek-kumberk.cz\/?page_id=2"]}]},{"@type":"BreadcrumbList","@id":"http:\/\/demo.statek-kumberk.cz\/?page_id=2#breadcrumb","itemListElement":[{"@type":"ListItem","position":1,"name":"Dom\u016f","item":"http:\/\/demo.statek-kumberk.cz\/"},{"@type":"ListItem","position":2,"name":"Kontakt"}]},{"@type":"WebSite","@id":"http:\/\/demo.statek-kumberk.cz\/#website","url":"http:\/\/demo.statek-kumberk.cz\/","name":"DEMO eshop Statek Kumberk","description":"","publisher":{"@id":"http:\/\/demo.statek-kumberk.cz\/#organization"},"potentialAction":[{"@type":"SearchAction","target":{"@type":"EntryPoint","urlTemplate":"http:\/\/demo.statek-kumberk.cz\/?s={search_term_string}"},"query-input":{"@type":"PropertyValueSpecification","valueRequired":true,"valueName":"search_term_string"}}],"inLanguage":"cs"},{"@type":"Organization","@id":"http:\/\/demo.statek-kumberk.cz\/#organization","name":"DEMO eshop Statek Kumberk","url":"http:\/\/demo.statek-kumberk.cz\/","logo":{"@type":"ImageObject","inLanguage":"cs","@id":"http:\/\/demo.statek-kumberk.cz\/#\/schema\/logo\/image\/","url":"http:\/\/demo.statek-kumberk.cz\/wp-content\/uploads\/2025\/05\/cropped-cropped-cropped-9c1f904f-65ad-4cdf-afb4-c002ba697250_removalai_preview-2.png","contentUrl":"http:\/\/demo.statek-kumberk.cz\/wp-content\/uploads\/2025\/05\/cropped-cropped-cropped-9c1f904f-65ad-4cdf-afb4-c002ba697250_removalai_preview-2.png","width":512,"height":512,"caption":"DEMO eshop Statek Kumberk"},"image":{"@id":"http:\/\/demo.statek-kumberk.cz\/#\/schema\/logo\/image\/"}}]}},"_links":{"self":[{"href":"http:\/\/demo.statek-kumberk.cz\/index.php?rest_route=\/wp\/v2\/pages\/2","targetHints":{"allow":["GET"]}}],"collection":[{"href":"http:\/\/demo.statek-kumberk.cz\/index.php?rest_route=\/wp\/v2\/pages"}],"about":[{"href":"http:\/\/demo.statek-kumberk.cz\/index.php?rest_route=\/wp\/v2\/types\/page"}],"author":[{"embeddable":true,"href":"http:\/\/demo.statek-kumberk.cz\/index.php?rest_route=\/wp\/v2\/users\/1"}],"replies":[{"embeddable":true,"href":"http:\/\/demo.statek-kumberk.cz\/index.php?rest_route=%2Fwp%2Fv2%2Fcomments&post=2"}],"version-history":[{"count":37,"href":"http:\/\/demo.statek-kumberk.cz\/index.php?rest_route=\/wp\/v2\/pages\/2\/revisions"}],"predecessor-version":[{"id":1510,"href":"http:\/\/demo.statek-kumberk.cz\/index.php?rest_route=\/wp\/v2\/pages\/2\/revisions\/1510"}],"wp:attachment":[{"href":"http:\/\/demo.statek-kumberk.cz\/index.php?rest_route=%2Fwp%2Fv2%2Fmedia&parent=2"}],"curies":[{"name":"wp","href":"https:\/\/api.w.org\/{rel}","templated":true}]}}